{"id":102,"date":"2026-01-13T00:07:41","date_gmt":"2026-01-13T00:07:41","guid":{"rendered":"https:\/\/ocpackaging.pt\/?page_id=102"},"modified":"2026-01-22T15:54:47","modified_gmt":"2026-01-22T15:54:47","slug":"produtos","status":"publish","type":"page","link":"https:\/\/ocpackaging.pt\/index.php\/produtos\/","title":{"rendered":"Produtos alimentares"},"content":{"rendered":"\t\t<div data-elementor-type=\"wp-page\" data-elementor-id=\"102\" class=\"elementor elementor-102\" data-elementor-post-type=\"page\">\n\t\t\t\t<div class=\"elementor-element elementor-element-211d7c7 e-flex e-con-boxed e-con e-parent\" data-id=\"211d7c7\" data-element_type=\"container\">\n\t\t\t\t\t<div class=\"e-con-inner\">\n\t\t\t\t<div class=\"elementor-element elementor-element-c0ddb68 elementor-widget elementor-widget-image\" data-id=\"c0ddb68\" data-element_type=\"widget\" data-widget_type=\"image.default\">\n\t\t\t\t\t\t\t\t\t\t\t\t\t\t\t<img fetchpriority=\"high\" decoding=\"async\" width=\"2560\" height=\"365\" src=\"https:\/\/ocpackaging.pt\/wp-content\/uploads\/2026\/01\/2-scaled.png\" class=\"attachment-full size-full wp-image-179\" alt=\"\" srcset=\"https:\/\/ocpackaging.pt\/wp-content\/uploads\/2026\/01\/2-scaled.png 2560w, https:\/\/ocpackaging.pt\/wp-content\/uploads\/2026\/01\/2-300x43.png 300w, https:\/\/ocpackaging.pt\/wp-content\/uploads\/2026\/01\/2-1024x146.png 1024w, https:\/\/ocpackaging.pt\/wp-content\/uploads\/2026\/01\/2-768x110.png 768w, https:\/\/ocpackaging.pt\/wp-content\/uploads\/2026\/01\/2-1536x219.png 1536w, https:\/\/ocpackaging.pt\/wp-content\/uploads\/2026\/01\/2-2048x292.png 2048w\" sizes=\"(max-width: 2560px) 100vw, 2560px\" \/>\t\t\t\t\t\t\t\t\t\t\t\t\t\t\t<\/div>\n\t\t\t\t\t<\/div>\n\t\t\t\t<\/div>\n\t\t<div class=\"elementor-element elementor-element-9343e76 e-flex e-con-boxed e-con e-parent\" data-id=\"9343e76\" data-element_type=\"container\">\n\t\t\t\t\t<div class=\"e-con-inner\">\n\t\t\t\t<div class=\"elementor-element elementor-element-25ebfb3 elementor-widget elementor-widget-gallery\" data-id=\"25ebfb3\" data-element_type=\"widget\" data-settings=\"{&quot;lazyload&quot;:&quot;yes&quot;,&quot;gallery_layout&quot;:&quot;grid&quot;,&quot;columns&quot;:4,&quot;columns_tablet&quot;:2,&quot;columns_mobile&quot;:1,&quot;gap&quot;:{&quot;unit&quot;:&quot;px&quot;,&quot;size&quot;:10,&quot;sizes&quot;:[]},&quot;gap_tablet&quot;:{&quot;unit&quot;:&quot;px&quot;,&quot;size&quot;:10,&quot;sizes&quot;:[]},&quot;gap_mobile&quot;:{&quot;unit&quot;:&quot;px&quot;,&quot;size&quot;:10,&quot;sizes&quot;:[]},&quot;link_to&quot;:&quot;file&quot;,&quot;aspect_ratio&quot;:&quot;3:2&quot;,&quot;overlay_background&quot;:&quot;yes&quot;,&quot;content_hover_animation&quot;:&quot;fade-in&quot;}\" data-widget_type=\"gallery.default\">\n\t\t\t\t\t\t\t<div class=\"elementor-gallery__container\">\n\t\t\t\t\t\t\t<a class=\"e-gallery-item elementor-gallery-item elementor-animated-content\" href=\"https:\/\/ocpackaging.pt\/wp-content\/uploads\/2026\/01\/Gemini_Generated_Image_p8zvpfp8zvpfp8zv-e1768262371302.png\" data-elementor-open-lightbox=\"yes\" data-elementor-lightbox-slideshow=\"25ebfb3\" data-elementor-lightbox-title=\"Gemini_Generated_Image_p8zvpfp8zvpfp8zv\" data-e-action-hash=\"#elementor-action%3Aaction%3Dlightbox%26settings%3DeyJpZCI6MTk3LCJ1cmwiOiJodHRwczpcL1wvb2NwYWNrYWdpbmcucHRcL3dwLWNvbnRlbnRcL3VwbG9hZHNcLzIwMjZcLzAxXC9HZW1pbmlfR2VuZXJhdGVkX0ltYWdlX3A4enZwZnA4enZwZnA4enYtZTE3NjgyNjIzNzEzMDIucG5nIiwic2xpZGVzaG93IjoiMjVlYmZiMyJ9\">\n\t\t\t\t\t<div class=\"e-gallery-image elementor-gallery-item__image\" data-thumbnail=\"https:\/\/ocpackaging.pt\/wp-content\/uploads\/2026\/01\/Gemini_Generated_Image_p8zvpfp8zvpfp8zv-e1768262371302-300x275.png\" data-width=\"300\" data-height=\"275\" aria-label=\"\" role=\"img\" ><\/div>\n\t\t\t\t\t\t\t\t\t\t\t<div class=\"elementor-gallery-item__overlay\"><\/div>\n\t\t\t\t\t\t\t\t\t\t\t\t\t\t<\/a>\n\t\t\t\t\t\t\t<a class=\"e-gallery-item elementor-gallery-item elementor-animated-content\" href=\"https:\/\/ocpackaging.pt\/wp-content\/uploads\/2026\/01\/Gemini_Generated_Image_qmslyfqmslyfqmsl-e1768262397626.png\" data-elementor-open-lightbox=\"yes\" data-elementor-lightbox-slideshow=\"25ebfb3\" data-elementor-lightbox-title=\"Gemini_Generated_Image_qmslyfqmslyfqmsl\" data-e-action-hash=\"#elementor-action%3Aaction%3Dlightbox%26settings%3DeyJpZCI6MTk4LCJ1cmwiOiJodHRwczpcL1wvb2NwYWNrYWdpbmcucHRcL3dwLWNvbnRlbnRcL3VwbG9hZHNcLzIwMjZcLzAxXC9HZW1pbmlfR2VuZXJhdGVkX0ltYWdlX3Ftc2x5ZnFtc2x5ZnFtc2wtZTE3NjgyNjIzOTc2MjYucG5nIiwic2xpZGVzaG93IjoiMjVlYmZiMyJ9\">\n\t\t\t\t\t<div class=\"e-gallery-image elementor-gallery-item__image\" data-thumbnail=\"https:\/\/ocpackaging.pt\/wp-content\/uploads\/2026\/01\/Gemini_Generated_Image_qmslyfqmslyfqmsl-e1768262397626-300x278.png\" data-width=\"300\" data-height=\"278\" aria-label=\"\" role=\"img\" ><\/div>\n\t\t\t\t\t\t\t\t\t\t\t<div class=\"elementor-gallery-item__overlay\"><\/div>\n\t\t\t\t\t\t\t\t\t\t\t\t\t\t<\/a>\n\t\t\t\t\t\t\t<a class=\"e-gallery-item elementor-gallery-item elementor-animated-content\" href=\"https:\/\/ocpackaging.pt\/wp-content\/uploads\/2026\/01\/Gemini_Generated_Image_lh9myqlh9myqlh9m-e1768262481782.png\" data-elementor-open-lightbox=\"yes\" data-elementor-lightbox-slideshow=\"25ebfb3\" data-elementor-lightbox-title=\"Gemini_Generated_Image_lh9myqlh9myqlh9m\" data-e-action-hash=\"#elementor-action%3Aaction%3Dlightbox%26settings%3DeyJpZCI6MjAxLCJ1cmwiOiJodHRwczpcL1wvb2NwYWNrYWdpbmcucHRcL3dwLWNvbnRlbnRcL3VwbG9hZHNcLzIwMjZcLzAxXC9HZW1pbmlfR2VuZXJhdGVkX0ltYWdlX2xoOW15cWxoOW15cWxoOW0tZTE3NjgyNjI0ODE3ODIucG5nIiwic2xpZGVzaG93IjoiMjVlYmZiMyJ9\">\n\t\t\t\t\t<div class=\"e-gallery-image elementor-gallery-item__image\" data-thumbnail=\"https:\/\/ocpackaging.pt\/wp-content\/uploads\/2026\/01\/Gemini_Generated_Image_lh9myqlh9myqlh9m-e1768262481782-300x275.png\" data-width=\"300\" data-height=\"275\" aria-label=\"\" role=\"img\" ><\/div>\n\t\t\t\t\t\t\t\t\t\t\t<div class=\"elementor-gallery-item__overlay\"><\/div>\n\t\t\t\t\t\t\t\t\t\t\t\t\t\t<\/a>\n\t\t\t\t\t\t\t<a class=\"e-gallery-item elementor-gallery-item elementor-animated-content\" href=\"https:\/\/ocpackaging.pt\/wp-content\/uploads\/2026\/01\/Gemini_Generated_Image_7mtf4r7mtf4r7mtf-e1768262509193.png\" data-elementor-open-lightbox=\"yes\" data-elementor-lightbox-slideshow=\"25ebfb3\" data-elementor-lightbox-title=\"Gemini_Generated_Image_7mtf4r7mtf4r7mtf\" data-e-action-hash=\"#elementor-action%3Aaction%3Dlightbox%26settings%3DeyJpZCI6MjAyLCJ1cmwiOiJodHRwczpcL1wvb2NwYWNrYWdpbmcucHRcL3dwLWNvbnRlbnRcL3VwbG9hZHNcLzIwMjZcLzAxXC9HZW1pbmlfR2VuZXJhdGVkX0ltYWdlXzdtdGY0cjdtdGY0cjdtdGYtZTE3NjgyNjI1MDkxOTMucG5nIiwic2xpZGVzaG93IjoiMjVlYmZiMyJ9\">\n\t\t\t\t\t<div class=\"e-gallery-image elementor-gallery-item__image\" data-thumbnail=\"https:\/\/ocpackaging.pt\/wp-content\/uploads\/2026\/01\/Gemini_Generated_Image_7mtf4r7mtf4r7mtf-e1768262509193-300x270.png\" data-width=\"300\" data-height=\"270\" aria-label=\"\" role=\"img\" ><\/div>\n\t\t\t\t\t\t\t\t\t\t\t<div class=\"elementor-gallery-item__overlay\"><\/div>\n\t\t\t\t\t\t\t\t\t\t\t\t\t\t<\/a>\n\t\t\t\t\t\t\t<a class=\"e-gallery-item elementor-gallery-item elementor-animated-content\" href=\"https:\/\/ocpackaging.pt\/wp-content\/uploads\/2026\/01\/Gemini_Generated_Image_iw321kiw321kiw32-e1768262534594.png\" data-elementor-open-lightbox=\"yes\" data-elementor-lightbox-slideshow=\"25ebfb3\" data-elementor-lightbox-title=\"Gemini_Generated_Image_iw321kiw321kiw32\" data-e-action-hash=\"#elementor-action%3Aaction%3Dlightbox%26settings%3DeyJpZCI6MjAzLCJ1cmwiOiJodHRwczpcL1wvb2NwYWNrYWdpbmcucHRcL3dwLWNvbnRlbnRcL3VwbG9hZHNcLzIwMjZcLzAxXC9HZW1pbmlfR2VuZXJhdGVkX0ltYWdlX2l3MzIxa2l3MzIxa2l3MzItZTE3NjgyNjI1MzQ1OTQucG5nIiwic2xpZGVzaG93IjoiMjVlYmZiMyJ9\">\n\t\t\t\t\t<div class=\"e-gallery-image elementor-gallery-item__image\" data-thumbnail=\"https:\/\/ocpackaging.pt\/wp-content\/uploads\/2026\/01\/Gemini_Generated_Image_iw321kiw321kiw32-e1768262534594-274x300.png\" data-width=\"274\" data-height=\"300\" aria-label=\"\" role=\"img\" ><\/div>\n\t\t\t\t\t\t\t\t\t\t\t<div class=\"elementor-gallery-item__overlay\"><\/div>\n\t\t\t\t\t\t\t\t\t\t\t\t\t\t<\/a>\n\t\t\t\t\t\t\t<a class=\"e-gallery-item elementor-gallery-item elementor-animated-content\" href=\"https:\/\/ocpackaging.pt\/wp-content\/uploads\/2026\/01\/Gemini_Generated_Image_avx1azavx1azavx1-1.png\" data-elementor-open-lightbox=\"yes\" data-elementor-lightbox-slideshow=\"25ebfb3\" data-elementor-lightbox-title=\"Gemini_Generated_Image_avx1azavx1azavx1\" data-e-action-hash=\"#elementor-action%3Aaction%3Dlightbox%26settings%3DeyJpZCI6MjA0LCJ1cmwiOiJodHRwczpcL1wvb2NwYWNrYWdpbmcucHRcL3dwLWNvbnRlbnRcL3VwbG9hZHNcLzIwMjZcLzAxXC9HZW1pbmlfR2VuZXJhdGVkX0ltYWdlX2F2eDFhemF2eDFhemF2eDEtMS5wbmciLCJzbGlkZXNob3ciOiIyNWViZmIzIn0%3D\">\n\t\t\t\t\t<div class=\"e-gallery-image elementor-gallery-item__image\" data-thumbnail=\"https:\/\/ocpackaging.pt\/wp-content\/uploads\/2026\/01\/Gemini_Generated_Image_avx1azavx1azavx1-1-300x300.png\" data-width=\"300\" data-height=\"300\" aria-label=\"\" role=\"img\" ><\/div>\n\t\t\t\t\t\t\t\t\t\t\t<div class=\"elementor-gallery-item__overlay\"><\/div>\n\t\t\t\t\t\t\t\t\t\t\t\t\t\t<\/a>\n\t\t\t\t\t\t\t<a class=\"e-gallery-item elementor-gallery-item elementor-animated-content\" href=\"https:\/\/ocpackaging.pt\/wp-content\/uploads\/2026\/01\/Gemini_Generated_Image_2amflo2amflo2amf-e1768262748772.png\" data-elementor-open-lightbox=\"yes\" data-elementor-lightbox-slideshow=\"25ebfb3\" data-elementor-lightbox-title=\"Gemini_Generated_Image_2amflo2amflo2amf\" data-e-action-hash=\"#elementor-action%3Aaction%3Dlightbox%26settings%3DeyJpZCI6MjA1LCJ1cmwiOiJodHRwczpcL1wvb2NwYWNrYWdpbmcucHRcL3dwLWNvbnRlbnRcL3VwbG9hZHNcLzIwMjZcLzAxXC9HZW1pbmlfR2VuZXJhdGVkX0ltYWdlXzJhbWZsbzJhbWZsbzJhbWYtZTE3NjgyNjI3NDg3NzIucG5nIiwic2xpZGVzaG93IjoiMjVlYmZiMyJ9\">\n\t\t\t\t\t<div class=\"e-gallery-image elementor-gallery-item__image\" data-thumbnail=\"https:\/\/ocpackaging.pt\/wp-content\/uploads\/2026\/01\/Gemini_Generated_Image_2amflo2amflo2amf-e1768262748772-300x263.png\" data-width=\"300\" data-height=\"263\" aria-label=\"\" role=\"img\" ><\/div>\n\t\t\t\t\t\t\t\t\t\t\t<div class=\"elementor-gallery-item__overlay\"><\/div>\n\t\t\t\t\t\t\t\t\t\t\t\t\t\t<\/a>\n\t\t\t\t\t\t\t<a class=\"e-gallery-item elementor-gallery-item elementor-animated-content\" href=\"https:\/\/ocpackaging.pt\/wp-content\/uploads\/2026\/01\/Gemini_Generated_Image_qog195qog195qog1-e1768262726278.png\" data-elementor-open-lightbox=\"yes\" data-elementor-lightbox-slideshow=\"25ebfb3\" data-elementor-lightbox-title=\"Gemini_Generated_Image_qog195qog195qog1\" data-e-action-hash=\"#elementor-action%3Aaction%3Dlightbox%26settings%3DeyJpZCI6MjA2LCJ1cmwiOiJodHRwczpcL1wvb2NwYWNrYWdpbmcucHRcL3dwLWNvbnRlbnRcL3VwbG9hZHNcLzIwMjZcLzAxXC9HZW1pbmlfR2VuZXJhdGVkX0ltYWdlX3FvZzE5NXFvZzE5NXFvZzEtZTE3NjgyNjI3MjYyNzgucG5nIiwic2xpZGVzaG93IjoiMjVlYmZiMyJ9\">\n\t\t\t\t\t<div class=\"e-gallery-image elementor-gallery-item__image\" data-thumbnail=\"https:\/\/ocpackaging.pt\/wp-content\/uploads\/2026\/01\/Gemini_Generated_Image_qog195qog195qog1-e1768262726278-250x300.png\" data-width=\"250\" data-height=\"300\" aria-label=\"\" role=\"img\" ><\/div>\n\t\t\t\t\t\t\t\t\t\t\t<div class=\"elementor-gallery-item__overlay\"><\/div>\n\t\t\t\t\t\t\t\t\t\t\t\t\t\t<\/a>\n\t\t\t\t\t<\/div>\n\t\t\t\t\t<\/div>\n\t\t\t\t<div class=\"elementor-element elementor-element-9efabad elementor-widget elementor-widget-text-editor\" data-id=\"9efabad\" data-element_type=\"widget\" data-widget_type=\"text-editor.default\">\n\t\t\t\t\t\t\t\t\t<h3 data-path-to-node=\"2\"><b data-path-to-node=\"2\" data-index-in-node=\"0\">Embalagens para Produtos Alimentares<\/b><\/h3><p data-path-to-node=\"3\">Focadas na seguran\u00e7a e na apresenta\u00e7\u00e3o, estas embalagens s\u00e3o ideais para o setor <b data-path-to-node=\"3\" data-index-in-node=\"81\">Gourmet<\/b> e de restaura\u00e7\u00e3o. O cart\u00e3o compacto oferece a rigidez necess\u00e1ria para proteger o conte\u00fado, podendo receber tratamentos que garantem a higiene e a conserva\u00e7\u00e3o. O design pode ser personalizado para elevar a experi\u00eancia de consumo, transformando o produto num presente de alta qualidade.<\/p>\t\t\t\t\t\t\t\t<\/div>\n\t\t\t\t<div class=\"elementor-element elementor-element-4344c7c elementor-widget-divider--view-line elementor-widget elementor-widget-divider\" data-id=\"4344c7c\" data-element_type=\"widget\" data-widget_type=\"divider.default\">\n\t\t\t\t\t\t\t<div class=\"elementor-divider\">\n\t\t\t<span class=\"elementor-divider-separator\">\n\t\t\t\t\t\t<\/span>\n\t\t<\/div>\n\t\t\t\t\t\t<\/div>\n\t\t\t\t\t<\/div>\n\t\t\t\t<\/div>\n\t\t<div class=\"elementor-element elementor-element-e59a7b1 e-flex e-con-boxed e-con e-parent\" data-id=\"e59a7b1\" data-element_type=\"container\">\n\t\t\t\t\t<div class=\"e-con-inner\">\n\t\t\t\t<div class=\"elementor-element elementor-element-7c1794b elementor-widget elementor-widget-image\" data-id=\"7c1794b\" data-element_type=\"widget\" data-widget_type=\"image.default\">\n\t\t\t\t\t\t\t\t\t\t\t\t\t\t\t\t<a href=\"https:\/\/wa.me\/351918786106\">\n\t\t\t\t\t\t\t<img decoding=\"async\" width=\"2560\" height=\"366\" src=\"https:\/\/ocpackaging.pt\/wp-content\/uploads\/2026\/01\/O-padrao-maximo-1-scaled.png\" class=\"attachment-full size-full wp-image-183\" alt=\"\" srcset=\"https:\/\/ocpackaging.pt\/wp-content\/uploads\/2026\/01\/O-padrao-maximo-1-scaled.png 2560w, https:\/\/ocpackaging.pt\/wp-content\/uploads\/2026\/01\/O-padrao-maximo-1-300x43.png 300w, https:\/\/ocpackaging.pt\/wp-content\/uploads\/2026\/01\/O-padrao-maximo-1-1024x146.png 1024w, https:\/\/ocpackaging.pt\/wp-content\/uploads\/2026\/01\/O-padrao-maximo-1-768x110.png 768w, https:\/\/ocpackaging.pt\/wp-content\/uploads\/2026\/01\/O-padrao-maximo-1-1536x220.png 1536w, https:\/\/ocpackaging.pt\/wp-content\/uploads\/2026\/01\/O-padrao-maximo-1-2048x293.png 2048w\" sizes=\"(max-width: 2560px) 100vw, 2560px\" \/>\t\t\t\t\t\t\t\t<\/a>\n\t\t\t\t\t\t\t\t\t\t\t\t\t\t\t<\/div>\n\t\t\t\t\t<\/div>\n\t\t\t\t<\/div>\n\t\t\t\t<\/div>\n\t\t","protected":false},"excerpt":{"rendered":"<p>Embalagens para Produtos Alimentares Focadas na seguran\u00e7a e na apresenta\u00e7\u00e3o, estas embalagens s\u00e3o ideais para o setor Gourmet e de restaura\u00e7\u00e3o. O cart\u00e3o compacto oferece a rigidez necess\u00e1ria para proteger o conte\u00fado, podendo receber tratamentos que garantem a higiene e a conserva\u00e7\u00e3o. O design pode ser personalizado para elevar a experi\u00eancia de consumo, transformando o [&hellip;]<\/p>\n","protected":false},"author":1,"featured_media":0,"parent":0,"menu_order":0,"comment_status":"closed","ping_status":"closed","template":"","meta":{"footnotes":""},"class_list":["post-102","page","type-page","status-publish","hentry"],"_links":{"self":[{"href":"https:\/\/ocpackaging.pt\/index.php\/wp-json\/wp\/v2\/pages\/102","targetHints":{"allow":["GET"]}}],"collection":[{"href":"https:\/\/ocpackaging.pt\/index.php\/wp-json\/wp\/v2\/pages"}],"about":[{"href":"https:\/\/ocpackaging.pt\/index.php\/wp-json\/wp\/v2\/types\/page"}],"author":[{"embeddable":true,"href":"https:\/\/ocpackaging.pt\/index.php\/wp-json\/wp\/v2\/users\/1"}],"replies":[{"embeddable":true,"href":"https:\/\/ocpackaging.pt\/index.php\/wp-json\/wp\/v2\/comments?post=102"}],"version-history":[{"count":14,"href":"https:\/\/ocpackaging.pt\/index.php\/wp-json\/wp\/v2\/pages\/102\/revisions"}],"predecessor-version":[{"id":265,"href":"https:\/\/ocpackaging.pt\/index.php\/wp-json\/wp\/v2\/pages\/102\/revisions\/265"}],"wp:attachment":[{"href":"https:\/\/ocpackaging.pt\/index.php\/wp-json\/wp\/v2\/media?parent=102"}],"curies":[{"name":"wp","href":"https:\/\/api.w.org\/{rel}","templated":true}]}}